{"id":2,"date":"2025-01-30T22:17:13","date_gmt":"2025-01-30T22:17:13","guid":{"rendered":"https:\/\/www.100mc.cz\/?page_id=2"},"modified":"2025-07-07T19:13:21","modified_gmt":"2025-07-07T19:13:21","slug":"sample-page","status":"publish","type":"page","link":"https:\/\/www.100mc.cz\/","title":{"rendered":""},"content":{"rendered":"\n<figure class=\"wp-block-image size-large\" style=\"margin-top:-80px\"><img loading=\"lazy\" decoding=\"async\" width=\"1024\" height=\"470\" src=\"https:\/\/www.100mc.cz\/wp-content\/uploads\/2025\/02\/Namesti-Miru-2-e1740305580380-1024x470.jpeg\" alt=\"\" class=\"wp-image-88\" srcset=\"https:\/\/www.100mc.cz\/wp-content\/uploads\/2025\/02\/Namesti-Miru-2-e1740305580380-1024x470.jpeg 1024w, https:\/\/www.100mc.cz\/wp-content\/uploads\/2025\/02\/Namesti-Miru-2-e1740305580380-300x138.jpeg 300w, https:\/\/www.100mc.cz\/wp-content\/uploads\/2025\/02\/Namesti-Miru-2-e1740305580380-768x353.jpeg 768w, https:\/\/www.100mc.cz\/wp-content\/uploads\/2025\/02\/Namesti-Miru-2-e1740305580380-1536x705.jpeg 1536w, https:\/\/www.100mc.cz\/wp-content\/uploads\/2025\/02\/Namesti-Miru-2-e1740305580380.jpeg 1710w\" sizes=\"auto, (max-width: 1024px) 100vw, 1024px\" \/><\/figure>\n\n\n\n<p class=\"has-text-align-left\" style=\"padding-top:var(--wp--preset--spacing--30);padding-right:var(--wp--preset--spacing--20);padding-bottom:var(--wp--preset--spacing--30);padding-left:var(--wp--preset--spacing--20)\"><strong>1925 \u2013 2025: V\u00fdro\u010d\u00ed 100 let od pojmenov\u00e1n\u00ed zn\u00e1m\u00e9 brn\u011bnsk\u00e9 \u010dtvrti po prvn\u00edm \u010deskoslovensk\u00e9m prezidentovi T.G. Masarykovi<\/strong><\/p>\n\n\n\n<p class=\"has-text-align-left\" style=\"padding-top:var(--wp--preset--spacing--20);padding-right:var(--wp--preset--spacing--20);padding-bottom:var(--wp--preset--spacing--20);padding-left:var(--wp--preset--spacing--20)\">V roce 1925 byla \u010dtvr\u0165 pojmenov\u00e1na po prezidentovi TGM. Stalo se tak na z\u00e1klad\u011b osobn\u00ed n\u00e1v\u0161t\u011bvy prezidenta, prezidentova souhlasu a n\u00e1sledn\u00e9ho rozhodnut\u00ed m\u011bstsk\u00e9ho zastupitelstva. Pod jedn\u00edm n\u00e1zvem se tak sjednotily stavebn\u00ed aktivity na \u017dlut\u00e9m kopci, na Krav\u00ed ho\u0159e a v okol\u00ed Wilsonova (C\u00edsa\u0159sk\u00e9ho) lesa. Sjednocuj\u00edc\u00edm prvkem je v\u0161ak od prvopo\u010d\u00e1tk\u016f i shodn\u00e1 urbanistick\u00e1 koncepce \u2013 zahradn\u00ed struktura z\u00e1stavby.<\/p>\n\n\n\n<div class=\"wp-block-buttons is-layout-flex wp-block-buttons-is-layout-flex\">\n<div class=\"wp-block-button\"><a class=\"wp-block-button__link has-contrast-color has-text-color has-background has-link-color has-large-font-size has-custom-font-size wp-element-button\" href=\"https:\/\/www.100mc.cz\/index.php\/podporte-nas\/\" style=\"background:linear-gradient(151deg,rgb(7,227,32) 0%,rgb(255,255,255) 53%,rgb(224,91,81) 100%)\"><strong>Podpo\u0159te n\u00e1s<\/strong><\/a><\/div>\n<\/div>\n\n\n\n<p><\/p>\n\n\n\n<figure class=\"wp-block-image size-full has-custom-border\" style=\"margin-top:var(--wp--preset--spacing--30);margin-bottom:var(--wp--preset--spacing--30)\"><img loading=\"lazy\" decoding=\"async\" width=\"2480\" height=\"307\" src=\"https:\/\/www.100mc.cz\/wp-content\/uploads\/2025\/06\/100-let-MC-footer.jpg\" alt=\"\" class=\"wp-image-247\" style=\"border-radius:0px\" srcset=\"https:\/\/www.100mc.cz\/wp-content\/uploads\/2025\/06\/100-let-MC-footer.jpg 2480w, https:\/\/www.100mc.cz\/wp-content\/uploads\/2025\/06\/100-let-MC-footer-300x37.jpg 300w, https:\/\/www.100mc.cz\/wp-content\/uploads\/2025\/06\/100-let-MC-footer-1024x127.jpg 1024w, https:\/\/www.100mc.cz\/wp-content\/uploads\/2025\/06\/100-let-MC-footer-768x95.jpg 768w, https:\/\/www.100mc.cz\/wp-content\/uploads\/2025\/06\/100-let-MC-footer-1536x190.jpg 1536w, https:\/\/www.100mc.cz\/wp-content\/uploads\/2025\/06\/100-let-MC-footer-2048x254.jpg 2048w\" sizes=\"auto, (max-width: 2480px) 100vw, 2480px\" \/><\/figure>\n\n\n\n<figure class=\"wp-block-image aligncenter size-full is-resized\"><img loading=\"lazy\" decoding=\"async\" width=\"979\" height=\"301\" src=\"https:\/\/www.100mc.cz\/wp-content\/uploads\/2025\/07\/bar.ces_.poz_.jpg\" alt=\"\" class=\"wp-image-272\" style=\"width:236px;height:auto\" srcset=\"https:\/\/www.100mc.cz\/wp-content\/uploads\/2025\/07\/bar.ces_.poz_.jpg 979w, https:\/\/www.100mc.cz\/wp-content\/uploads\/2025\/07\/bar.ces_.poz_-300x92.jpg 300w, https:\/\/www.100mc.cz\/wp-content\/uploads\/2025\/07\/bar.ces_.poz_-768x236.jpg 768w\" sizes=\"auto, (max-width: 979px) 100vw, 979px\" \/><figcaption class=\"wp-element-caption\"><strong>Tento projekt se uskute\u010d\u0148uje za finan\u010dn\u00ed podpory Ministerstva kultury<\/strong> \u010cR<\/figcaption><\/figure>\n\n\n\n<p><\/p>\n\n\n\n<p><\/p>\n\n\n\n<div style=\"height:0px\" aria-hidden=\"true\" class=\"wp-block-spacer\"><\/div>\n","protected":false},"excerpt":{"rendered":"<p>1925 \u2013 2025: V\u00fdro\u010d\u00ed 100 let od pojmenov\u00e1n\u00ed zn\u00e1m\u00e9 brn\u011bnsk\u00e9 \u010dtvrti po prvn\u00edm \u010deskoslovensk\u00e9m prezidentovi T.G. Masarykovi V roce 1925 byla \u010dtvr\u0165 pojmenov\u00e1na po prezidentovi TGM. Stalo se tak na z\u00e1klad\u011b osobn\u00ed n\u00e1v\u0161t\u011bvy prezidenta, prezidentova souhlasu a n\u00e1sledn\u00e9ho rozhodnut\u00ed m\u011bstsk\u00e9ho zastupitelstva. Pod jedn\u00edm n\u00e1zvem se tak sjednotily stavebn\u00ed aktivity na \u017dlut\u00e9m kopci, na Krav\u00ed ho\u0159e [&hellip;]<\/p>\n","protected":false},"author":1,"featured_media":0,"parent":0,"menu_order":0,"comment_status":"closed","ping_status":"open","template":"","meta":{"footnotes":""},"class_list":["post-2","page","type-page","status-publish","hentry"],"_links":{"self":[{"href":"https:\/\/www.100mc.cz\/index.php\/wp-json\/wp\/v2\/pages\/2","targetHints":{"allow":["GET"]}}],"collection":[{"href":"https:\/\/www.100mc.cz\/index.php\/wp-json\/wp\/v2\/pages"}],"about":[{"href":"https:\/\/www.100mc.cz\/index.php\/wp-json\/wp\/v2\/types\/page"}],"author":[{"embeddable":true,"href":"https:\/\/www.100mc.cz\/index.php\/wp-json\/wp\/v2\/users\/1"}],"replies":[{"embeddable":true,"href":"https:\/\/www.100mc.cz\/index.php\/wp-json\/wp\/v2\/comments?post=2"}],"version-history":[{"count":63,"href":"https:\/\/www.100mc.cz\/index.php\/wp-json\/wp\/v2\/pages\/2\/revisions"}],"predecessor-version":[{"id":276,"href":"https:\/\/www.100mc.cz\/index.php\/wp-json\/wp\/v2\/pages\/2\/revisions\/276"}],"wp:attachment":[{"href":"https:\/\/www.100mc.cz\/index.php\/wp-json\/wp\/v2\/media?parent=2"}],"curies":[{"name":"wp","href":"https:\/\/api.w.org\/{rel}","templated":true}]}}

<figure class="wp-block-image size-large" style="margin-top:-80px"><img loading="lazy" decoding="async" width="1024" height="470" src="https://www.100mc.cz/wp-content/uploads/2025/02/Namesti-Miru-2-e1740305580380-1024x470.jpeg" alt="" class="wp-image-88" srcset="https://www.100mc.cz/wp-content/uploads/2025/02/Namesti-Miru-2-e1740305580380-1024x470.jpeg 1024w, https://www.100mc.cz/wp-content/uploads/2025/02/Namesti-Miru-2-e1740305580380-300x138.jpeg 300w, https://www.100mc.cz/wp-content/uploads/2025/02/Namesti-Miru-2-e1740305580380-768x353.jpeg 768w, https://www.100mc.cz/wp-content/uploads/2025/02/Namesti-Miru-2-e1740305580380-1536x705.jpeg 1536w, https://www.100mc.cz/wp-content/uploads/2025/02/Namesti-Miru-2-e1740305580380.jpeg 1710w" sizes="auto, (max-width: 1024px) 100vw, 1024px" /></figure>



<p class="has-text-align-left" style="padding-top:var(--wp--preset--spacing--30);padding-right:var(--wp--preset--spacing--20);padding-bottom:var(--wp--preset--spacing--30);padding-left:var(--wp--preset--spacing--20)"><strong>1925 – 2025: Výročí 100 let od pojmenování známé brněnské čtvrti po prvním československém prezidentovi T.G. Masarykovi</strong></p>



<p class="has-text-align-left" style="padding-top:var(--wp--preset--spacing--20);padding-right:var(--wp--preset--spacing--20);padding-bottom:var(--wp--preset--spacing--20);padding-left:var(--wp--preset--spacing--20)">V roce 1925 byla čtvrť pojmenována po prezidentovi TGM. Stalo se tak na základě osobní návštěvy prezidenta, prezidentova souhlasu a následného rozhodnutí městského zastupitelstva. Pod jedním názvem se tak sjednotily stavební aktivity na Žlutém kopci, na Kraví hoře a v okolí Wilsonova (Císařského) lesa. Sjednocujícím prvkem je však od prvopočátků i shodná urbanistická koncepce – zahradní struktura zástavby.</p>



<div class="wp-block-buttons is-layout-flex wp-block-buttons-is-layout-flex">
<div class="wp-block-button"><a class="wp-block-button__link has-contrast-color has-text-color has-background has-link-color has-large-font-size has-custom-font-size wp-element-button" href="https://www.100mc.cz/index.php/podporte-nas/" style="background:linear-gradient(151deg,rgb(7,227,32) 0%,rgb(255,255,255) 53%,rgb(224,91,81) 100%)"><strong>Podpořte nás</strong></a></div>
</div>



<p></p>



<figure class="wp-block-image size-full has-custom-border" style="margin-top:var(--wp--preset--spacing--30);margin-bottom:var(--wp--preset--spacing--30)"><img loading="lazy" decoding="async" width="2480" height="307" src="https://www.100mc.cz/wp-content/uploads/2025/06/100-let-MC-footer.jpg" alt="" class="wp-image-247" style="border-radius:0px" srcset="https://www.100mc.cz/wp-content/uploads/2025/06/100-let-MC-footer.jpg 2480w, https://www.100mc.cz/wp-content/uploads/2025/06/100-let-MC-footer-300x37.jpg 300w, https://www.100mc.cz/wp-content/uploads/2025/06/100-let-MC-footer-1024x127.jpg 1024w, https://www.100mc.cz/wp-content/uploads/2025/06/100-let-MC-footer-768x95.jpg 768w, https://www.100mc.cz/wp-content/uploads/2025/06/100-let-MC-footer-1536x190.jpg 1536w, https://www.100mc.cz/wp-content/uploads/2025/06/100-let-MC-footer-2048x254.jpg 2048w" sizes="auto, (max-width: 2480px) 100vw, 2480px" /></figure>



<figure class="wp-block-image aligncenter size-full is-resized"><img loading="lazy" decoding="async" width="979" height="301" src="https://www.100mc.cz/wp-content/uploads/2025/07/bar.ces_.poz_.jpg" alt="" class="wp-image-272" style="width:236px;height:auto" srcset="https://www.100mc.cz/wp-content/uploads/2025/07/bar.ces_.poz_.jpg 979w, https://www.100mc.cz/wp-content/uploads/2025/07/bar.ces_.poz_-300x92.jpg 300w, https://www.100mc.cz/wp-content/uploads/2025/07/bar.ces_.poz_-768x236.jpg 768w" sizes="auto, (max-width: 979px) 100vw, 979px" /><figcaption class="wp-element-caption"><strong>Tento projekt se uskutečňuje za finanční podpory Ministerstva kultury</strong> ČR</figcaption></figure>



<p></p>



<p></p>



<div style="height:0px" aria-hidden="true" class="wp-block-spacer"></div>

<p>1925 – 2025: Výročí 100 let od pojmenování známé brněnské čtvrti po prvním československém prezidentovi T.G. Masarykovi V roce 1925 byla čtvrť pojmenována po prezidentovi TGM. Stalo se tak na základě osobní návštěvy prezidenta, prezidentova souhlasu a následného rozhodnutí městského zastupitelstva. Pod jedním názvem se tak sjednotily stavební aktivity na Žlutém kopci, na Kraví hoře [&hellip;]</p>
