{"id":336,"date":"2025-08-04T07:45:10","date_gmt":"2025-08-04T07:45:10","guid":{"rendered":"https:\/\/www.100mc.cz\/?page_id=336"},"modified":"2025-08-31T14:01:06","modified_gmt":"2025-08-31T14:01:06","slug":"nezarazen","status":"publish","type":"page","link":"https:\/\/www.100mc.cz\/index.php\/nezarazen\/","title":{"rendered":"Ostatn\u00ed"},"content":{"rendered":"\n<h2 class=\"wp-block-heading\" style=\"padding-top:var(--wp--preset--spacing--30);padding-bottom:var(--wp--preset--spacing--30)\"><strong>Informace v&nbsp;polo\u010dase oslav 100 let, v&nbsp;polovin\u011b letn\u00edch pr\u00e1zdnin 2025<\/strong><\/h2>\n\n\n\n<p><br>Na za\u010d\u00e1tku p\u0159\u00edpravy oslav jsme \u0159ekli, \u017ee takov\u00e9 v\u00fdro\u010d\u00ed stoj\u00ed za trochu n\u00e1mahy. A \u017ee v&nbsp;r\u00e1mci<br>oslav si dop\u0159ejeme rok d\u00edk\u016f a radosti. Chceme se v\u011bnovat osv\u011bt\u011b tak, aby lidem samotn\u00fdm<br>doch\u00e1zelo, co se pro\u010d d\u011bje na podklad\u011b fakt\u016f a historick\u00fdch souvislost\u00ed. R\u00e1di bychom<br>podpo\u0159ili vzd\u011blanost, informovanost a vn\u00edmavost a zdravou hrdost na m\u00edsta, kde \u017eijeme. Bl\u00ed\u017e\u00ed<br>se Vernis\u00e1\u017e v\u00fdstavy v&nbsp;Rub\u00ednu ve spolupr\u00e1ci s&nbsp;\u017eabov\u0159eskou radnic\u00ed 10.9.2025. T\u00edm zah\u00e1j\u00edme<br>podzimn\u00ed \u010d\u00e1st oslav. Bezprost\u0159edn\u011b nav\u00e1\u017eou proch\u00e1zky a p\u0159edn\u00e1\u0161ky ve spolupr\u00e1ci s&nbsp;NP\u00da &#8211;<br>Metodick\u00fdm centrem modern\u00ed architektury a externisty. Nad pl\u00e1n chyst\u00e1me tak\u00e9<br>vzpom\u00ednkov\u00e9 setk\u00e1n\u00ed na Jaroslava Marchu v&nbsp;KJM na Mahenov\u011b ulici. Rok oslav zakon\u010d\u00edme<br>tradi\u010dn\u00edmi akcemi &#8211; oslavou 17. listopadu a Adventn\u00edm setk\u00e1n\u00edm. R\u00e1di bychom za\u0159adili tak\u00e9<br>p\u0159edn\u00e1\u0161ku o plotech, zahrad\u00e1ch, zahr\u00e1dk\u00e1ch a p\u0159edzahr\u00e1dk\u00e1ch, o urbanistick\u00e9 struktu\u0159e<br>\u010dtvrti, tedy o tom, co je pro zahradn\u00ed \u010dtvr\u0165 podstatn\u00e9<br>\u017de se hlavn\u00ed akce poda\u0159ily, nen\u00ed pochyb. V&nbsp;konkurenci mnoha \u010dervnov\u00fdch akc\u00ed v&nbsp;Brn\u011b jsme<br>obst\u00e1li, sta\u010d\u00ed se pod\u00edvat na web www.100mc.cz.<br>Je pot\u0159eba pochv\u00e1lit mnoho don\u00e1tor\u016f &#8211; jednotliv\u00fdch osob i instituc\u00ed a spolk\u016f za projevenou<br>finan\u010dn\u00ed, materi\u00e1lovou i anga\u017eovanou podporu v&nbsp;podob\u011b v\u011bnovan\u00e9ho \u010dasu a \u0161\u00ed\u0159en\u00ed pozitivn\u00ed<br>n\u00e1lady. D\u00edky nim jsme si mohli dovolit uspo\u0159\u00e1dat akce 1. pololet\u00ed 2025. P\u0159es d\u00edl\u010d\u00ed finan\u010dn\u00ed<br>podporu m\u011bsta, m\u011bstsk\u00fdch \u010d\u00e1st\u00ed i Ministerstva kultury st\u00e1le trv\u00e1 pot\u0159eba p\u0159\u00edsp\u011bvk\u016f. Jen<br>kovan\u00e1 ohr\u00e1dka z&nbsp;nerezav\u011bj\u00edc\u00ed oceli s&nbsp;n\u00e1pisem \u201eLid\u00e9 Masarykov\u011b \u010dtvrti\u201c vznikla s n\u00e1kladem<br>77&nbsp;000,-K\u010d. Za n\u00e1vrh, materi\u00e1l a osazen\u00ed do ter\u00e9nu jsme u\u017e zaplatili 35&nbsp;000,-K\u010d.<br>Zb\u00fdv\u00e1 vybrat je\u0161t\u011b 42&nbsp;000,-K\u010d za kov\u00e1\u0159skou pr\u00e1ci. Za ka\u017ed\u00fd dar p\u0159edem d\u011bkujeme.<br>Finan\u010dn\u00ed pohyby lze sledovat na transparentn\u00edm \u00fa\u010dtu oslav (ev. odkaz na z\u00e1lo\u017eku kontakt).<\/p>\n\n\n\n<h3 class=\"wp-block-heading\" style=\"padding-top:var(--wp--preset--spacing--80);padding-right:var(--wp--preset--spacing--20);padding-bottom:var(--wp--preset--spacing--40);padding-left:var(--wp--preset--spacing--20)\"><strong>P\u0159\u00edpravy na \u010dervnov\u00e9 v\u00fdro\u010d\u00ed jdou do obr\u00e1tek<\/strong> (15. 5.2025)<\/h3>\n\n\n\n<p style=\"padding-right:var(--wp--preset--spacing--20);padding-left:var(--wp--preset--spacing--20)\">Prob\u00edhaj\u00ed jedn\u00e1n\u00ed k&nbsp;podrobnostem programu koncertu Sv\u00edt\u00e1n\u00ed i k&nbsp;Sousedsk\u00e9mu setk\u00e1n\u00ed 15.<br>\u010dervna, p\u0159ipravujeme pozv\u00e1nky a plak\u00e1ty. Farn\u00ed sbor u\u017e nacvi\u010duje kompozici k&nbsp;souboru<br>Sv\u00edt\u00e1n\u00ed. \u0158e\u0161\u00edme podrobn\u00fd program vernis\u00e1\u017ee v\u00fdstavy v&nbsp;KJM 2. \u010dervna v\u010detn\u011b muziky a<br>mo\u017en\u00e1 i tane\u010dn\u00edho vystoupen\u00ed ve stylu 20. let minul\u00e9ho stolet\u00ed.<br>K\u0159est l\u00edpy a setk\u00e1n\u00ed ob\u010dan\u016f dopln\u00ed cimb\u00e1lovka a vystoupen\u00ed soubor\u016f \u017dabi\u0148\u00e1\u010dek a \u0160vekru\u0161e<br>ze \u017dabov\u0159esk, nab\u00eddka ob\u010derstven\u00ed i drobn\u00fdch upom\u00ednkov\u00fdch p\u0159edm\u011bt\u016f. A mo\u017en\u00e1\u2026 p\u0159ijede i<br>s\u00e1m prvn\u00ed prezident s&nbsp;dcerou Alic\u00ed, jedn\u00e1n\u00ed s&nbsp;kancel\u00e1\u0159\u00ed jsou na dobr\u00e9 cest\u011b.<br>Starost\u00ed p\u0159ib\u00fdv\u00e1, ale v\u011b\u0159\u00edme v&nbsp;\u00fasp\u011bch a z\u00e1jem nejen obyvatel Masarykovy \u010dtvrti. V\u00fdro\u010d\u00ed 100<br>let p\u0159ece za tu n\u00e1mahu stoj\u00ed.<br>Obr\u00e1zek zachycuje jedn\u00e1n\u00ed za \u00fa\u010dasti B. B\u00edlka, I. Greplov\u00e9, V. Balejov\u00e9 &#8211; starostky Orel<br>jednota Brno-\u017dabov\u0159esky a dal\u0161\u00edch protagonist\u016f p\u0159ipravovan\u00e9 akce.<\/p>\n\n\n\n<figure class=\"wp-block-image size-full is-resized\" style=\"margin-right:var(--wp--preset--spacing--20);margin-left:var(--wp--preset--spacing--20)\"><img loading=\"lazy\" decoding=\"async\" width=\"1000\" height=\"750\" src=\"https:\/\/www.100mc.cz\/wp-content\/uploads\/2025\/05\/IMG_20250423_144600-1.jpg\" alt=\"\" class=\"wp-image-186\" style=\"aspect-ratio:1.7777777777777777;object-fit:cover;width:675px;height:auto\" srcset=\"https:\/\/www.100mc.cz\/wp-content\/uploads\/2025\/05\/IMG_20250423_144600-1.jpg 1000w, https:\/\/www.100mc.cz\/wp-content\/uploads\/2025\/05\/IMG_20250423_144600-1-300x225.jpg 300w, https:\/\/www.100mc.cz\/wp-content\/uploads\/2025\/05\/IMG_20250423_144600-1-768x576.jpg 768w\" sizes=\"auto, (max-width: 1000px) 100vw, 1000px\" \/><\/figure>\n\n\n\n<p><\/p>\n\n\n\n<p><\/p>\n\n\n\n<h3 class=\"wp-block-heading\" style=\"padding-top:var(--wp--preset--spacing--20);padding-right:var(--wp--preset--spacing--20);padding-bottom:var(--wp--preset--spacing--20);padding-left:var(--wp--preset--spacing--20)\"><strong>Proch\u00e1zka Masarykovou \u010dtvrt\u00ed<\/strong><\/h3>\n\n\n\n<p style=\"padding-right:var(--wp--preset--spacing--20);padding-left:var(--wp--preset--spacing--20)\">Chcete-li se s n\u00e1mi spole\u010dn\u011b proj\u00edt a nad\u00fdchat atmosf\u00e9ru dne\u0161n\u00ed Masarykovy \u010dtvrti <\/p>\n\n\n\n<p style=\"padding-right:var(--wp--preset--spacing--20);padding-left:var(--wp--preset--spacing--20)\">(autor videa: Miloslav Jel\u00ednek)<\/p>\n\n\n\n<div class=\"wp-block-file\" style=\"padding-top:var(--wp--preset--spacing--40);padding-right:var(--wp--preset--spacing--80);padding-bottom:var(--wp--preset--spacing--40);padding-left:var(--wp--preset--spacing--80)\"><a id=\"wp-block-file--media-a434b7d4-7917-46be-b83e-32e10352027a\" href=\"https:\/\/www.100mc.cz\/wp-content\/uploads\/2025\/04\/WhatsApp-Video-2025-04-26-at-21.21.41_409c52cf.mp4\">klikn\u011bte zde&#8230;<\/a><a href=\"https:\/\/www.100mc.cz\/wp-content\/uploads\/2025\/04\/WhatsApp-Video-2025-04-26-at-21.21.41_409c52cf.mp4\" class=\"wp-block-file__button wp-element-button\" download aria-describedby=\"wp-block-file--media-a434b7d4-7917-46be-b83e-32e10352027a\">St\u00e1hnout<\/a><\/div>\n\n\n\n<p><\/p>\n\n\n\n<h3 class=\"wp-block-heading\" style=\"padding-top:var(--wp--preset--spacing--20);padding-right:var(--wp--preset--spacing--20);padding-bottom:var(--wp--preset--spacing--20);padding-left:var(--wp--preset--spacing--20)\"><strong>Vodojemy pod \u017dlut\u00fdm kopcem<\/strong><\/h3>\n\n\n\n<p style=\"padding-right:var(--wp--preset--spacing--20);padding-left:var(--wp--preset--spacing--20)\">K&nbsp;nov\u00fdm zaj\u00edmavostem technick\u00e9ho r\u00e1zu se teprve p\u0159ed n\u011bkolika lety p\u0159ipojily zp\u0159\u00edstupn\u011bn\u00e9 historick\u00e9 vodojemy, kter\u00e9 le\u017e\u00ed na okraji Masarykovy \u010dtvrti sm\u011brem ke \u0160pilberku. T\u0159i postupn\u011b budovan\u00e9 podzemn\u00ed n\u00e1dr\u017ee s&nbsp;celkov\u00fdm objemem t\u00e9m\u011b\u0159 50 milion\u016f metr\u016f krychlov\u00fdch vznikly mezi lety 1867 \u2013 1913 v&nbsp;souvislosti s&nbsp;rozvojem m\u011bsta po roce 1850. Z\u00e1sluhou nad\u0161enc\u016f a zejm\u00e9na Ob\u010dansk\u00e9ho sdru\u017een\u00ed Masarykova \u010dtvr\u0165 s podporou m\u011bsta z\u00edskalo jejich zachov\u00e1n\u00ed a zp\u0159\u00edstupn\u011bn\u00ed p\u0159ednost p\u0159ed vybudov\u00e1n\u00edm parkovi\u0161\u0165 a jin\u00fdmi n\u00e1vrhy. V&nbsp;letech 2020 \u2013 2024 byly otev\u0159eny ve\u0159ejnosti, jsou p\u0159edm\u011btem z\u00e1jmu filma\u0159\u016f i um\u011blc\u016f, konaj\u00ed se zde velmi unik\u00e1tn\u00ed akce.<\/p>\n\n\n\n<p style=\"padding-right:var(--wp--preset--spacing--30);padding-left:var(--wp--preset--spacing--30)\">V\u00edce zaj\u00edmav\u00fdch informac\u00ed a fotografi\u00ed lze naj\u00edt na odkazu <a href=\"http:\/\/www.vodojemybrno.cz\">www.vodojemybrno.cz<\/a> &nbsp;<\/p>\n\n\n\n<p style=\"padding-top:var(--wp--preset--spacing--30);padding-right:var(--wp--preset--spacing--20);padding-bottom:var(--wp--preset--spacing--30);padding-left:var(--wp--preset--spacing--20)\">Obs\u00e1hl\u00fd \u010dl\u00e1nek uve\u0159ejnil z\u00e1sluhou architekt\u016f man\u017eel\u016f Hub\u00e1\u010dkov\u00fdch \u00fanorov\u00fd Zpravodaj<br>m\u011bstsk\u00e9 \u010d\u00e1sti Brno-st\u0159ed<br><a href=\"https:\/\/zpravodaj.brno-stred.cz\/02-2025\/strana-10\">https:\/\/zpravodaj.brno-stred.cz\/02-2025\/strana-10<\/a><br><\/p>\n\n\n\n<p style=\"padding-right:var(--wp--preset--spacing--20);padding-left:var(--wp--preset--spacing--20)\">O v\u00fdro\u010d\u00ed 100 let Masarykovy \u010dtvrti napsal v \u00fanorov\u00e9m \u010d\u00edsle Zpravodaje Brno-\u017dabov\u0159esky<br>tak\u00e9 starosta sousedn\u00ed m\u011bstsk\u00e9 \u010d\u00e1sti Mgr. Filip Leder (str.5)<br><a href=\"https:\/\/www.zabovresky.cz\/zabovresky%2Dzpravodaj%2Drok%2D2025\/ms-27429\/p1=27429\">https:\/\/www.zabovresky.cz\/zabovresky%2Dzpravodaj%2Drok%2D2025\/<\/a><\/p>\n","protected":false},"excerpt":{"rendered":"<p>Informace v&nbsp;polo\u010dase oslav 100 let, v&nbsp;polovin\u011b letn\u00edch pr\u00e1zdnin 2025 Na za\u010d\u00e1tku p\u0159\u00edpravy oslav jsme \u0159ekli, \u017ee takov\u00e9 v\u00fdro\u010d\u00ed stoj\u00ed za trochu n\u00e1mahy. A \u017ee v&nbsp;r\u00e1mcioslav si dop\u0159ejeme rok d\u00edk\u016f a radosti. Chceme se v\u011bnovat osv\u011bt\u011b tak, aby lidem samotn\u00fdmdoch\u00e1zelo, co se pro\u010d d\u011bje na podklad\u011b fakt\u016f a historick\u00fdch souvislost\u00ed. R\u00e1di bychompodpo\u0159ili vzd\u011blanost, informovanost a vn\u00edmavost [&hellip;]<\/p>\n","protected":false},"author":1,"featured_media":0,"parent":0,"menu_order":0,"comment_status":"closed","ping_status":"closed","template":"","meta":{"footnotes":""},"class_list":["post-336","page","type-page","status-publish","hentry"],"_links":{"self":[{"href":"https:\/\/www.100mc.cz\/index.php\/wp-json\/wp\/v2\/pages\/336","targetHints":{"allow":["GET"]}}],"collection":[{"href":"https:\/\/www.100mc.cz\/index.php\/wp-json\/wp\/v2\/pages"}],"about":[{"href":"https:\/\/www.100mc.cz\/index.php\/wp-json\/wp\/v2\/types\/page"}],"author":[{"embeddable":true,"href":"https:\/\/www.100mc.cz\/index.php\/wp-json\/wp\/v2\/users\/1"}],"replies":[{"embeddable":true,"href":"https:\/\/www.100mc.cz\/index.php\/wp-json\/wp\/v2\/comments?post=336"}],"version-history":[{"count":11,"href":"https:\/\/www.100mc.cz\/index.php\/wp-json\/wp\/v2\/pages\/336\/revisions"}],"predecessor-version":[{"id":379,"href":"https:\/\/www.100mc.cz\/index.php\/wp-json\/wp\/v2\/pages\/336\/revisions\/379"}],"wp:attachment":[{"href":"https:\/\/www.100mc.cz\/index.php\/wp-json\/wp\/v2\/media?parent=336"}],"curies":[{"name":"wp","href":"https:\/\/api.w.org\/{rel}","templated":true}]}}

Ostatní

<h2 class="wp-block-heading" style="padding-top:var(--wp--preset--spacing--30);padding-bottom:var(--wp--preset--spacing--30)"><strong>Informace v&nbsp;poločase oslav 100 let, v&nbsp;polovině letních prázdnin 2025</strong></h2>



<p><br>Na začátku přípravy oslav jsme řekli, že takové výročí stojí za trochu námahy. A že v&nbsp;rámci<br>oslav si dopřejeme rok díků a radosti. Chceme se věnovat osvětě tak, aby lidem samotným<br>docházelo, co se proč děje na podkladě faktů a historických souvislostí. Rádi bychom<br>podpořili vzdělanost, informovanost a vnímavost a zdravou hrdost na místa, kde žijeme. Blíží<br>se Vernisáž výstavy v&nbsp;Rubínu ve spolupráci s&nbsp;žabovřeskou radnicí 10.9.2025. Tím zahájíme<br>podzimní část oslav. Bezprostředně navážou procházky a přednášky ve spolupráci s&nbsp;NPÚ &#8211;<br>Metodickým centrem moderní architektury a externisty. Nad plán chystáme také<br>vzpomínkové setkání na Jaroslava Marchu v&nbsp;KJM na Mahenově ulici. Rok oslav zakončíme<br>tradičními akcemi &#8211; oslavou 17. listopadu a Adventním setkáním. Rádi bychom zařadili také<br>přednášku o plotech, zahradách, zahrádkách a předzahrádkách, o urbanistické struktuře<br>čtvrti, tedy o tom, co je pro zahradní čtvrť podstatné<br>Že se hlavní akce podařily, není pochyb. V&nbsp;konkurenci mnoha červnových akcí v&nbsp;Brně jsme<br>obstáli, stačí se podívat na web www.100mc.cz.<br>Je potřeba pochválit mnoho donátorů &#8211; jednotlivých osob i institucí a spolků za projevenou<br>finanční, materiálovou i angažovanou podporu v&nbsp;podobě věnovaného času a šíření pozitivní<br>nálady. Díky nim jsme si mohli dovolit uspořádat akce 1. pololetí 2025. Přes dílčí finanční<br>podporu města, městských částí i Ministerstva kultury stále trvá potřeba příspěvků. Jen<br>kovaná ohrádka z&nbsp;nerezavějící oceli s&nbsp;nápisem „Lidé Masarykově čtvrti“ vznikla s nákladem<br>77&nbsp;000,-Kč. Za návrh, materiál a osazení do terénu jsme už zaplatili 35&nbsp;000,-Kč.<br>Zbývá vybrat ještě 42&nbsp;000,-Kč za kovářskou práci. Za každý dar předem děkujeme.<br>Finanční pohyby lze sledovat na transparentním účtu oslav (ev. odkaz na záložku kontakt).</p>



<h3 class="wp-block-heading" style="padding-top:var(--wp--preset--spacing--80);padding-right:var(--wp--preset--spacing--20);padding-bottom:var(--wp--preset--spacing--40);padding-left:var(--wp--preset--spacing--20)"><strong>Přípravy na červnové výročí jdou do obrátek</strong> (15. 5.2025)</h3>



<p style="padding-right:var(--wp--preset--spacing--20);padding-left:var(--wp--preset--spacing--20)">Probíhají jednání k&nbsp;podrobnostem programu koncertu Svítání i k&nbsp;Sousedskému setkání 15.<br>června, připravujeme pozvánky a plakáty. Farní sbor už nacvičuje kompozici k&nbsp;souboru<br>Svítání. Řešíme podrobný program vernisáže výstavy v&nbsp;KJM 2. června včetně muziky a<br>možná i tanečního vystoupení ve stylu 20. let minulého století.<br>Křest lípy a setkání občanů doplní cimbálovka a vystoupení souborů Žabiňáček a Švekruše<br>ze Žabovřesk, nabídka občerstvení i drobných upomínkových předmětů. A možná… přijede i<br>sám první prezident s&nbsp;dcerou Alicí, jednání s&nbsp;kanceláří jsou na dobré cestě.<br>Starostí přibývá, ale věříme v&nbsp;úspěch a zájem nejen obyvatel Masarykovy čtvrti. Výročí 100<br>let přece za tu námahu stojí.<br>Obrázek zachycuje jednání za účasti B. Bílka, I. Greplové, V. Balejové &#8211; starostky Orel<br>jednota Brno-Žabovřesky a dalších protagonistů připravované akce.</p>



<figure class="wp-block-image size-full is-resized" style="margin-right:var(--wp--preset--spacing--20);margin-left:var(--wp--preset--spacing--20)"><img loading="lazy" decoding="async" width="1000" height="750" src="https://www.100mc.cz/wp-content/uploads/2025/05/IMG_20250423_144600-1.jpg" alt="" class="wp-image-186" style="aspect-ratio:1.7777777777777777;object-fit:cover;width:675px;height:auto" srcset="https://www.100mc.cz/wp-content/uploads/2025/05/IMG_20250423_144600-1.jpg 1000w, https://www.100mc.cz/wp-content/uploads/2025/05/IMG_20250423_144600-1-300x225.jpg 300w, https://www.100mc.cz/wp-content/uploads/2025/05/IMG_20250423_144600-1-768x576.jpg 768w" sizes="auto, (max-width: 1000px) 100vw, 1000px" /></figure>



<p></p>



<p></p>



<h3 class="wp-block-heading" style="padding-top:var(--wp--preset--spacing--20);padding-right:var(--wp--preset--spacing--20);padding-bottom:var(--wp--preset--spacing--20);padding-left:var(--wp--preset--spacing--20)"><strong>Procházka Masarykovou čtvrtí</strong></h3>



<p style="padding-right:var(--wp--preset--spacing--20);padding-left:var(--wp--preset--spacing--20)">Chcete-li se s námi společně projít a nadýchat atmosféru dnešní Masarykovy čtvrti </p>



<p style="padding-right:var(--wp--preset--spacing--20);padding-left:var(--wp--preset--spacing--20)">(autor videa: Miloslav Jelínek)</p>



<div class="wp-block-file" style="padding-top:var(--wp--preset--spacing--40);padding-right:var(--wp--preset--spacing--80);padding-bottom:var(--wp--preset--spacing--40);padding-left:var(--wp--preset--spacing--80)"><a id="wp-block-file--media-a434b7d4-7917-46be-b83e-32e10352027a" href="https://www.100mc.cz/wp-content/uploads/2025/04/WhatsApp-Video-2025-04-26-at-21.21.41_409c52cf.mp4">klikněte zde&#8230;</a><a href="https://www.100mc.cz/wp-content/uploads/2025/04/WhatsApp-Video-2025-04-26-at-21.21.41_409c52cf.mp4" class="wp-block-file__button wp-element-button" download aria-describedby="wp-block-file--media-a434b7d4-7917-46be-b83e-32e10352027a">Stáhnout</a></div>



<p></p>



<h3 class="wp-block-heading" style="padding-top:var(--wp--preset--spacing--20);padding-right:var(--wp--preset--spacing--20);padding-bottom:var(--wp--preset--spacing--20);padding-left:var(--wp--preset--spacing--20)"><strong>Vodojemy pod Žlutým kopcem</strong></h3>



<p style="padding-right:var(--wp--preset--spacing--20);padding-left:var(--wp--preset--spacing--20)">K&nbsp;novým zajímavostem technického rázu se teprve před několika lety připojily zpřístupněné historické vodojemy, které leží na okraji Masarykovy čtvrti směrem ke Špilberku. Tři postupně budované podzemní nádrže s&nbsp;celkovým objemem téměř 50 milionů metrů krychlových vznikly mezi lety 1867 – 1913 v&nbsp;souvislosti s&nbsp;rozvojem města po roce 1850. Zásluhou nadšenců a zejména Občanského sdružení Masarykova čtvrť s podporou města získalo jejich zachování a zpřístupnění přednost před vybudováním parkovišť a jinými návrhy. V&nbsp;letech 2020 – 2024 byly otevřeny veřejnosti, jsou předmětem zájmu filmařů i umělců, konají se zde velmi unikátní akce.</p>



<p style="padding-right:var(--wp--preset--spacing--30);padding-left:var(--wp--preset--spacing--30)">Více zajímavých informací a fotografií lze najít na odkazu <a href="http://www.vodojemybrno.cz">www.vodojemybrno.cz</a> &nbsp;</p>



<p style="padding-top:var(--wp--preset--spacing--30);padding-right:var(--wp--preset--spacing--20);padding-bottom:var(--wp--preset--spacing--30);padding-left:var(--wp--preset--spacing--20)">Obsáhlý článek uveřejnil zásluhou architektů manželů Hubáčkových únorový Zpravodaj<br>městské části Brno-střed<br><a href="https://zpravodaj.brno-stred.cz/02-2025/strana-10">https://zpravodaj.brno-stred.cz/02-2025/strana-10</a><br></p>



<p style="padding-right:var(--wp--preset--spacing--20);padding-left:var(--wp--preset--spacing--20)">O výročí 100 let Masarykovy čtvrti napsal v únorovém čísle Zpravodaje Brno-Žabovřesky<br>také starosta sousední městské části Mgr. Filip Leder (str.5)<br><a href="https://www.zabovresky.cz/zabovresky%2Dzpravodaj%2Drok%2D2025/ms-27429/p1=27429">https://www.zabovresky.cz/zabovresky%2Dzpravodaj%2Drok%2D2025/</a></p>

<p>Informace v&nbsp;poločase oslav 100 let, v&nbsp;polovině letních prázdnin 2025 Na začátku přípravy oslav jsme řekli, že takové výročí stojí za trochu námahy. A že v&nbsp;rámcioslav si dopřejeme rok díků a radosti. Chceme se věnovat osvětě tak, aby lidem samotnýmdocházelo, co se proč děje na podkladě faktů a historických souvislostí. Rádi bychompodpořili vzdělanost, informovanost a vnímavost [&hellip;]</p>
