{"id":41,"date":"2025-02-16T10:22:15","date_gmt":"2025-02-16T10:22:15","guid":{"rendered":"https:\/\/www.100mc.cz\/?page_id=41"},"modified":"2025-08-04T08:03:01","modified_gmt":"2025-08-04T08:03:01","slug":"historie","status":"publish","type":"page","link":"https:\/\/www.100mc.cz\/index.php\/historie\/","title":{"rendered":"Historie"},"content":{"rendered":"\n<h3 class=\"wp-block-heading\"><strong>CO TO VLASTN\u011a SLAV\u00cdME <\/strong><\/h3>\n\n\n\n<p><br>Ob\u010das se vyskytuj\u00ed ot\u00e1zky \u010di nep\u0159esnosti t\u00fdkaj\u00edc\u00ed se p\u0159edm\u011btu oslav. Dovol\u00edm si k\u00a0tomu<br>zamy\u0161len\u00ed:<br><\/p>\n\n\n\n<p style=\"padding-top:var(--wp--preset--spacing--40);padding-bottom:0\">1.) Nejedn\u00e1 se pouze o p\u0159ejmenov\u00e1n\u00ed n\u011bkter\u00e9 \u010d\u00e1sti. To bychom asi neslavili. Jedn\u00e1 se<br>o\u00a0pojmenov\u00e1n\u00ed\u00a0r\u016fzn\u00fdch stavebn\u00edch z\u00e1m\u011br\u016f realizovan\u00fdch r\u016fzn\u00fdmi investory z<br>r\u016fzn\u00fdch sm\u011br\u016f a pod r\u016fzn\u00fdmi n\u00e1zvy (nap\u0159\u00edklad Beamtenheim, \u010cesk\u00e1 \u00fa\u0159ednick\u00e1 \u010dtvr\u0165,<br>N\u011bmeck\u00e1 \u00fa\u0159ednick\u00e1 \u010dtvr\u0165, nebo podle stavebn\u00edch dru\u017estev \u00da\u0159ednick\u00e1 \u010dtvr\u0165, Na vyhl\u00eddce, Pod vodojemem apod.) pod jedn\u00edm n\u00e1zvem, jako jeden celek &#8211;<br>&#8222;Masarykova \u010dtvr\u0165&#8220;. A to i v\u010detn\u011b tehdej\u0161\u00edch pl\u00e1n\u016f.<br><\/p>\n\n\n\n<p style=\"padding-top:var(--wp--preset--spacing--40)\">2.) Je z\u0159ejm\u00e9, \u017ee vznik \u010dtvrti prov\u00e1zela specifick\u00e1 spole\u010densk\u00e1 i politick\u00e1 situace odli\u0161n\u00e1<br>od sou\u010dasnosti. Jak to p\u0159esn\u011b bylo a pro\u010d historikov\u00e9 \u010di auto\u0159i publikac\u00ed uv\u00e1d\u011bj\u00ed<br>datum 17.6.1925 zji\u0161\u0165ujeme, ov\u011b\u0159ujeme. M\u011bly by k tomu slou\u017eit i podzimn\u00ed<br>p\u0159edn\u00e1\u0161ky, proch\u00e1zky atd. N\u011bco u\u017e se zjistilo, nen\u00ed to ale definitivn\u00ed. V\u0161echny<br>informace u\u017e ofici\u00e1ln\u011b dostupn\u00e9 nejsou, n\u011bkter\u00e9 dokumenty jsou skartovan\u00e9. Osobn\u011b<br>douf\u00e1m, \u017ee v pr\u016fb\u011bhu roku oslav by se mohly n\u011bkter\u00e9 skute\u010dnosti objasnit s pomoc\u00ed<br>soukrom\u00fdch archiv\u016f \u010di poz\u016fstalost\u00ed apod. Jist\u00e9 je, \u017ee v tehdej\u0161\u00ed dob\u011b se c\u00edlen\u011b, jako<br>idea pro modern\u00ed bydlen\u00ed uplat\u0148ovala\u00a0zahradn\u00ed struktura z\u00e1stavby\u00a0\u2013 zahradn\u00ed m\u011bsto<br>\u2013 zahradn\u00ed obytn\u00e1 \u010dtvr\u0165. Tato urbanistick\u00e1 idea m\u00e1 sv\u016fj p\u016fvod v Anglii a u n\u00e1s se<br>uplat\u0148ovala ji\u017e za Rakouska-Uherska. I v jin\u00fdch na\u0161ich a evropsk\u00fdch m\u011bstech vznikaly<br>ve stejn\u00e9 dob\u011b tzv. westendy \u2013 obytn\u00e9 \u010dtvrti na z\u00e1padn\u00edch okraj\u00edch m\u011bst. D\u011blo se to v<br>obdob\u00ed parn\u00edch stroj\u016f na pevn\u00e1 paliva, jejich\u017e zplodiny obt\u011b\u017eovaly m\u011bstsk\u00e1 centra a<br>t\u00e1hly se d\u00e1l na v\u00fdchod. D\u016fvodem bylo p\u0159eva\u017euj\u00edc\u00ed z\u00e1padn\u00ed proud\u011bn\u00ed v\u011btr\u016f v<br>evropsk\u00e9m vnitrozem\u00ed.\u00a0<br><\/p>\n\n\n\n<p style=\"padding-top:var(--wp--preset--spacing--40)\">3.) Podstata Masarykovy \u010dtvrti nen\u00ed ve vil\u00e1ch, ani v pojmenov\u00e1n\u00ed podle<br>nejv\u00fdznamn\u011bj\u0161\u00edho \u010cechoslov\u00e1ka t\u00e9 doby, ale v jednotn\u00e9\u00a0urbanistick\u00e9 struktu\u0159e, kter\u00e1<br>se uplatnila r\u016fzn\u00fdmi subjekty a z r\u016fzn\u00fdch sm\u011br\u016f, a\u017e do\u0161la ke\u00a0spole\u010dn\u00e9mu<br>sjednocuj\u00edc\u00edmu pojmenov\u00e1n\u00ed. Je pozoruhodn\u00e9, \u017ee navzdory kopcovit\u00e9mu ter\u00e9nu s<br>roklemi a str\u00e1n\u011bmi, i nez\u00e1visle na orientaci ke sv\u011btov\u00fdm stran\u00e1m byla pom\u011brn\u011b<br>rychle a z\u00a0r\u016fzn\u00fdch sm\u011br\u016f vybudov\u00e1na infrastruktura a uk\u00e1zn\u011bn\u00e1 z\u00e1stavba pod\u0159izuj\u00edc\u00ed<br>se jedn\u00e9 ideji. Nez\u00e1visle na typu z\u00e1stavby. Nez\u00e1le\u017e\u00ed tedy zda se jedn\u00e1 o samostatn\u011b<br>stoj\u00edc\u00ed rodinn\u00e9 domy, dvojdomy \u010di trojdomy, \u0159adovou z\u00e1stavbu, bytov\u00fd d\u016fm nebo<br>vilu. A nav\u00edc, v zahradn\u00edm stylu byly postaveny nejen obytn\u00e9 stavby, ale i ob\u010dansk\u00e1<br>vybavenost.<br>Urbanistickou podstatu \u010dtvrti lze vysv\u011btlit jednodu\u0161e jako bloky zahrad lemovan\u00e9<br>pr\u016fhledn\u00fdmi ploty. Uli\u010dn\u00ed \u010d\u00e1ru tvo\u0159\u00ed pr\u016fhledn\u00fd plot. Stavebn\u00ed \u010d\u00e1ra budov je<br>orientovan\u00e1 rovnob\u011b\u017en\u011b s uli\u010dn\u00ed \u010d\u00e1rou, odsazen\u00e1 o p\u0159edzahr\u00e1dku. V\u00fdjimky<br>\u201epotvrzuj\u00edc\u00ed pravidlo\u201c ve veden\u00ed stavebn\u00ed \u010d\u00e1ry jsou na n\u011bkter\u00fdch n\u00e1ro\u017e\u00edch a v<br>n\u011bkter\u00fdch\u00a0p\u0159\u00edpadech vilov\u00fdch staveb. To u\u017e je na odborn\u011bj\u0161\u00ed vysv\u011btlen\u00ed pro<br>p\u0159edn\u00e1\u0161ku.<br><\/p>\n\n\n\n<p style=\"padding-top:var(--wp--preset--spacing--40)\">4.) \u010ctvr\u0165 byla vybudov\u00e1na na hol\u00fdch kopc\u00edch se stepn\u00ed krajinou, kde se p\u0159ev\u00e1\u017en\u011b<br>pohybovaly vojensk\u00e9 pos\u00e1dky a ned\u011bln\u00ed v\u00fdletn\u00edci.\u00a0Z hlediska \u017eivotn\u00edho prost\u0159ed\u00ed maj\u00ed<br>d\u016fle\u017eitou \u00falohu zahrady, zahr\u00e1dky a p\u0159edzahr\u00e1dky. Silnice a domy byly postaveny<br>relativn\u011b rychle. Des\u00edtky rok\u016f v\u0161ak trvalo, ne\u017e vzrostla zele\u0148 a\u017e n\u011bkter\u00e9 stromy<br>p\u0159erostly budovy. Soukrom\u00e1 i ve\u0159ejn\u00e1 zele\u0148 prol\u00ednaj\u00edc\u00ed celou z\u00e1stavbou \u010dasem<br>p\u0159evl\u00e1dla a stala se sjednocuj\u00edc\u00edm poj\u00edtkem architektonick\u00fdch sloh\u016f a styl\u016f.<br>D\u016fle\u017eitou roli v tom maj\u00ed\u00a0pr\u016fhledn\u00e9 ploty\u00a0a tak\u00e9 \u00fasil\u00ed zahradn\u00edk\u016f a zahr\u00e1dk\u00e1\u0159\u016f, kte\u0159\u00ed<br>se nejen vysok\u00fdmi stromy zahrad ale i p\u0159edzahr\u00e1dkami pod\u00edlej\u00ed na specifick\u00e9m<br>utv\u00e1\u0159en\u00ed ve\u0159ejn\u00e9ho prostoru. Ke koloritu \u010dtvrti p\u0159isp\u00edvaj\u00ed i\u00a0zahr\u00e1dkov\u00e9 kolonie a Wilson\u016fv les. Ve \u010dtvrti 60 rok\u016f p\u016fsobil samostatn\u00fd spolek zahr\u00e1dk\u00e1\u0159\u016f ZO Masarykova<br>\u010dtvr\u0165. Z\u00a0uveden\u00fdch d\u016fvod\u016f v\u00a0pr\u016fb\u011bhu roku 2025 d\u011bkujeme na\u0161im p\u0159edch\u016fdc\u016fm za \u017eivotn\u00ed<br>prost\u0159ed\u00ed, kter\u00e9 jejich p\u016fsoben\u00edm vzniklo a slav\u00edme 100 let od pojmenov\u00e1n\u00ed zahradn\u00ed obytn\u00e9<br>\u010dtvrti jako celku.<br><\/p>\n\n\n\n<p style=\"padding-top:var(--wp--preset--spacing--40);padding-bottom:var(--wp--preset--spacing--40)\"><em><strong>Ing. Bohumil B\u00edlek \u2013 zastupitel M\u010c Brno-st\u0159ed,<br>kontaktn\u00ed osoba a koordin\u00e1tor oslav<\/strong><\/em><\/p>\n\n\n\n<p><\/p>\n\n\n\n<p><\/p>\n\n\n\n<h3 class=\"wp-block-heading has-large-font-size\" style=\"padding-top:var(--wp--preset--spacing--40);padding-bottom:var(--wp--preset--spacing--20)\"><strong>STO LET MASARYKOVY \u010cTVRTI<\/strong><\/h3>\n\n\n\n<p style=\"padding-top:var(--wp--preset--spacing--20);padding-right:var(--wp--preset--spacing--20);padding-bottom:var(--wp--preset--spacing--20);padding-left:var(--wp--preset--spacing--20)\">V&nbsp;leto\u0161n\u00edm roce uplyne sto let od&nbsp;p\u0159ejmenov\u00e1n\u00ed tehdej\u0161\u00ed \u00da\u0159ednick\u00e9 \u010dtvrti na&nbsp;Masarykovu \u010dtvr\u0165. K&nbsp;t\u00e9to v\u00fdznamn\u00e9 ud\u00e1losti budou p\u0159ipraveny zaj\u00edmav\u00e9 akce pro ve\u0159ejnost, podrobn\u00e1 pozv\u00e1nka bude zve\u0159ejn\u011bna v&nbsp;kv\u011btnov\u00e9m \u010d\u00edsle zpravodaje. Jubileum oslav\u00ed tak\u00e9 kostel sv. Augustina, letos uplyne 90 let od&nbsp;jeho vysv\u011bcen\u00ed.<\/p>\n\n\n\n<p style=\"padding-right:var(--wp--preset--spacing--20);padding-left:var(--wp--preset--spacing--20)\">Masarykova \u010dtvr\u0165 je souvisl\u00e1 zahradn\u00ed z\u00e1stavba na&nbsp;svaz\u00edch \u017dlut\u00e9ho kopce, na&nbsp;str\u00e1n\u00edch nad Pis\u00e1rkami a&nbsp;na&nbsp;druh\u00e9 stran\u011b pod vrcholem Krav\u00ed hory. Rozkl\u00e1d\u00e1 se na&nbsp;v\u00edce katastr\u00e1ln\u00edch \u00fazem\u00edch: Str\u00e1nice, \u017dabov\u0159esky, Pis\u00e1rky, Star\u00e9 Brno a&nbsp;Veve\u0159\u00ed. Vznikala postupn\u011b od&nbsp;konce 19. stolet\u00ed na&nbsp;pozemc\u00edch vyu\u017e\u00edvan\u00fdch jako vinice, pastviny \u010di zem\u011bd\u011blsky obhospoda\u0159ovan\u00e1 p\u016fda.<\/p>\n\n\n\n<p style=\"padding-right:var(--wp--preset--spacing--20);padding-left:var(--wp--preset--spacing--20)\">V&nbsp;Brn\u011b byla \u010dinnost\u00ed n\u011bkolika stavebn\u00edch dru\u017estev od&nbsp;konce 19. stolet\u00ed do&nbsp;prvn\u00ed sv\u011btov\u00e9 v\u00e1lky budov\u00e1na n\u011bmeck\u00e1 \u00da\u0159ednick\u00e1 \u010dtvr\u0165 (Beamtenheim) formou maxim\u00e1ln\u011b t\u0159\u00edpodla\u017en\u00ed vilov\u00e9 historizuj\u00edc\u00ed a&nbsp;secesn\u00ed z\u00e1stavby mezi ulicemi \u00dadoln\u00ed, Tvrd\u00e9ho a&nbsp;Heinrichova.<\/p>\n\n\n\n<p style=\"padding-right:var(--wp--preset--spacing--20);padding-left:var(--wp--preset--spacing--20)\">Po&nbsp;vzniku \u010ceskoslovenska a&nbsp;p\u0159ipojen\u00ed 23 okoln\u00edch obc\u00ed k&nbsp;velk\u00e9mu Brnu v&nbsp;roce 1919 stavebn\u00ed dru\u017estva pokra\u010dovala ve&nbsp;v\u00fdstavb\u011b navazuj\u00edc\u00ed \u010desk\u00e9 \u00da\u0159ednick\u00e9 \u010dtvrti. Charakter t\u00e9to z\u00e1stavby m\u00e1 vlastnosti \u201ezahradn\u00edho m\u011bsta\u201c s&nbsp;priv\u00e1tn\u00edmi p\u0159edzahr\u00e1dkami, opticky propojen\u00fdmi se zelen\u00ed ve&nbsp;ve\u0159ejn\u00e9m prostoru. Podobn\u00e9 zahradn\u00ed \u010dtvrti rostly od&nbsp;za\u010d\u00e1tku 20. stolet\u00ed v&nbsp;Praze i&nbsp;dal\u0161\u00edch m\u011bstech, ale Brno bylo v&nbsp;tomto smyslu avantgardn\u00ed, a&nbsp;to dokonce v&nbsp;evropsk\u00e9m m\u011b\u0159\u00edtku. Typ z\u00e1stavby byl inspirov\u00e1n my\u0161lenkou r\u016fzn\u00fdch forem bydlen\u00ed v&nbsp;zahrad\u00e1ch a&nbsp;p\u0159\u00edrodn\u00edm prost\u0159ed\u00ed, p\u0159itom dostupn\u00e9ho i&nbsp;st\u0159edn\u00edm vrstv\u00e1m obyvatel. Byl vytvo\u0159en regula\u010dn\u00ed a&nbsp;parcela\u010dn\u00ed pl\u00e1n \u010dtvrti, zejm\u00e9na z\u00e1sluhou bytov\u00e9ho dru\u017estva \u00da\u0159ednick\u00e1 \u010dtvr\u0165 a&nbsp;architekt\u016f Jind\u0159icha Kumpo\u0161ta a&nbsp;Bohuslava Fuchse.<\/p>\n\n\n\n<p style=\"padding-top:var(--wp--preset--spacing--20);padding-right:var(--wp--preset--spacing--20);padding-bottom:var(--wp--preset--spacing--20);padding-left:var(--wp--preset--spacing--20)\">Velk\u00fdm p\u0159\u00ednosem k&nbsp;rozvoji \u00fazem\u00ed bylo prodlou\u017een\u00ed tramvajov\u00e9 dvoukolejn\u00e9 trati s&nbsp;jednokolejnou smy\u010dkou u&nbsp;kostela sv. Augustina v&nbsp;roce 1929. Na&nbsp;p\u0159elomu dvac\u00e1t\u00fdch a&nbsp;t\u0159ic\u00e1t\u00fdch let 20. stolet\u00ed pokra\u010dovala reziden\u010dn\u00ed z\u00e1stavba v&nbsp;duchu V\u00fdstavy soudob\u00e9 kultury v&nbsp;Brn\u011b roku 1928 a&nbsp;nov\u00e9m stylu mlad\u00e9ho \u010ceskoslovenska \u2013 funkcionalismu. Do&nbsp;roku 1939 tak bylo zastav\u011bno cel\u00e9 \u00fazem\u00ed mezi ulicemi Barvi\u010dova, \u00dadoln\u00ed a&nbsp;Wilsonov\u00fdm lesem. Realizovaly se samostatn\u00e9 i&nbsp;\u0159adov\u00e9 rodinn\u00e9 domy r\u016fzn\u00fdch typ\u016f, vily, \u010din\u017eovn\u00ed bytov\u00e9 domy a&nbsp;na&nbsp;Bab\u00e1kov\u011b n\u00e1m\u011bst\u00ed (dnes n\u00e1m\u011bst\u00ed M\u00edru) a&nbsp;ulici Lerchova vznikly celkem t\u0159i \u0161koly, dva objekty studentsk\u00fdch kolej\u00ed a&nbsp;kostel sv. Augustina s&nbsp;farou. M\u011bsto Brno s&nbsp;mnoha realizacemi avantgardn\u00ed meziv\u00e1le\u010dn\u00e9 architektury je ozna\u010dov\u00e1no jako m\u011bsto funkcionalistick\u00e9. Zhruba dv\u011b t\u0159etiny Masarykovy \u010dtvrti jsou na&nbsp;\u00fazem\u00ed m\u011bstsk\u00e9 \u010d\u00e1sti Brno-st\u0159ed, jedna t\u0159etina na&nbsp;\u00fazem\u00ed \u017dabov\u0159esk.<\/p>\n\n\n\n<p><\/p>\n\n\n\n<p style=\"padding-top:var(--wp--preset--spacing--20);padding-right:var(--wp--preset--spacing--20);padding-bottom:var(--wp--preset--spacing--20);padding-left:var(--wp--preset--spacing--20)\"><strong>N\u00e1zev Masarykova \u010dtvr\u0165<\/strong><\/p>\n\n\n\n<p style=\"padding-right:var(--wp--preset--spacing--20);padding-left:var(--wp--preset--spacing--20)\">V&nbsp;Archivu m\u011bsta Brna se poda\u0159ilo zjistit, \u017ee k&nbsp;p\u0159ejmenov\u00e1n\u00ed \u010dtvrti do\u0161lo na&nbsp;z\u00e1klad\u011b usnesen\u00ed 12. sch\u016fze brn\u011bnsk\u00e9ho M\u011bstsk\u00e9ho zastupitelstva \u010d. 9771, p\u0159ijat\u00e9ho na&nbsp;sch\u016fzi 17. \u010dervence 1925. Na&nbsp;t\u00e9to sch\u016fzi byl schv\u00e1len n\u00e1vrh zru\u0161it pojmenov\u00e1n\u00ed \u00da\u0159ednick\u00e1 \u010dtvr\u0165 a&nbsp;nov\u011b ji pojmenovat Masarykova \u010dtvr\u0165 na&nbsp;po\u010dest prvn\u00edho prezidenta \u010ceskoslovenska Tom\u00e1\u0161e Garriguea Masaryka. Z\u00e1rove\u0148 bylo rozhodnuto, \u017ee prezidentsk\u00e1 kancel\u00e1\u0159 bude po\u017e\u00e1d\u00e1na o&nbsp;souhlas s&nbsp;t\u00edmto aktem. N\u00e1zev Masarykova \u010dtvr\u0165, p\u0159ijat\u00fd v&nbsp;roce 1925, byl v&nbsp;minul\u00e9m re\u017eimu zm\u011bn\u011bn na&nbsp;Jir\u00e1skova \u010dtvr\u0165 a&nbsp;a\u017e po&nbsp;roce 1990 do\u0161lo k&nbsp;n\u00e1vratu k&nbsp;p\u016fvodn\u00edmu n\u00e1zvu.<\/p>\n\n\n\n<p><\/p>\n\n\n\n<p style=\"padding-top:var(--wp--preset--spacing--20);padding-right:var(--wp--preset--spacing--20);padding-bottom:var(--wp--preset--spacing--20);padding-left:var(--wp--preset--spacing--20)\"><strong>Kostel sv. Augustina<\/strong><\/p>\n\n\n\n<p style=\"padding-right:var(--wp--preset--spacing--20);padding-left:var(--wp--preset--spacing--20)\">N\u00e1m\u011bst\u00ed M\u00edru je centrem Masarykovy \u010dtvrti na&nbsp;hranici dne\u0161n\u00edch m\u011bstsk\u00fdch \u010d\u00e1st\u00ed Brno-st\u0159ed a&nbsp;Brno-\u017dabov\u0159esky. Dominuje mu kostel sv. Augustina, postaven\u00fd k&nbsp;1500. v\u00fdro\u010d\u00ed smrti tohoto sv\u011btce. Realizace prob\u011bhla v&nbsp;letech 1930\u20131934 podle projektu architekta Vladim\u00edra Fischera.<\/p>\n\n\n\n<p style=\"padding-right:var(--wp--preset--spacing--20);padding-left:var(--wp--preset--spacing--20)\">Od&nbsp;jeho slavnostn\u00edho vysv\u011bcen\u00ed, kter\u00e9 se uskute\u010dnilo v&nbsp;ned\u011bli 5. kv\u011btna 1935, letos uplyne rovn\u00fdch devades\u00e1t let. Nau\u010dn\u00e9 architektonick\u00e9 stezky V&nbsp;Brn\u011bnsk\u00e9m architektonick\u00e9m manu\u00e1lu voln\u011b p\u0159\u00edstupn\u00e9m na&nbsp;webu: www.bam.brno.cz najdou z\u00e1jemci o&nbsp;stavebn\u00ed kulturu podrobn\u00e9 informace o&nbsp;pozoruhodn\u00fdch brn\u011bnsk\u00fdch stavb\u00e1ch a&nbsp;jejich autorech. Masarykov\u011b \u010dtvrti jsou v\u011bnov\u00e1ny dv\u011b nau\u010dn\u00e9 architektonick\u00e9 stezky o&nbsp;d\u00e9lce celkem 8,79 kilometru se zastaven\u00edmi a&nbsp;koment\u00e1\u0159em u&nbsp;celkem 110 staveb, a&nbsp;to v\u010detn\u011b informac\u00ed o&nbsp;jejich autorech. Byli to architekti a&nbsp;stavitel\u00e9: Jind\u0159ich Kumpo\u0161t, Bohuslav Fuchs, Jaroslav Grunt, Josef Kranz, Ev\u017een \u0160karda, Ji\u0159\u00ed Kroha, Oskar Po\u0159\u00edska, Eduard \u017d\u00e1\u010dek, Miloslav Kop\u0159iva, Milo\u0161 Laml, V\u00e1clav Dvo\u0159\u00e1k, Otto Eisler, Leopold Bauer, Ernst Wiesner, Zikmund Kerekes a&nbsp;dal\u0161\u00ed.<\/p>\n\n\n\n<p><\/p>\n\n\n\n<p style=\"padding-right:var(--wp--preset--spacing--20);padding-left:var(--wp--preset--spacing--20)\"><em>Ing.&nbsp;arch. Petr Hub\u00e1\u010dek, Ph.D. a&nbsp;Ing.&nbsp;arch. Bla\u017eena Hub\u00e1\u010dkov\u00e1, Ph.D.<\/em><\/p>\n\n\n\n<p style=\"padding-right:var(--wp--preset--spacing--20);padding-left:var(--wp--preset--spacing--20)\"><em>(\u010cl\u00e1nek vy\u0161el v&nbsp;\u00fanorov\u00e9m \u010d\u00edsle Zpravodaje M\u010c Brno-st\u0159ed)<\/em><\/p>\n\n\n\n<p style=\"padding-top:var(--wp--preset--spacing--20);padding-bottom:var(--wp--preset--spacing--20)\"><\/p>\n\n\n\n<p><\/p>\n\n\n\n<p style=\"padding-top:var(--wp--preset--spacing--20);padding-bottom:var(--wp--preset--spacing--20)\"><\/p>\n\n\n\n<figure class=\"wp-block-gallery has-nested-images columns-2 is-cropped wp-block-gallery-1 is-layout-flex wp-block-gallery-is-layout-flex\">\n<figure class=\"wp-block-image size-full\"><img loading=\"lazy\" decoding=\"async\" width=\"1920\" height=\"1283\" data-id=\"143\" src=\"https:\/\/www.100mc.cz\/wp-content\/uploads\/2025\/03\/4834_17cd43e00b.jpg\" alt=\"\" class=\"wp-image-143\" srcset=\"https:\/\/www.100mc.cz\/wp-content\/uploads\/2025\/03\/4834_17cd43e00b.jpg 1920w, https:\/\/www.100mc.cz\/wp-content\/uploads\/2025\/03\/4834_17cd43e00b-300x200.jpg 300w, https:\/\/www.100mc.cz\/wp-content\/uploads\/2025\/03\/4834_17cd43e00b-1024x684.jpg 1024w, https:\/\/www.100mc.cz\/wp-content\/uploads\/2025\/03\/4834_17cd43e00b-768x513.jpg 768w, https:\/\/www.100mc.cz\/wp-content\/uploads\/2025\/03\/4834_17cd43e00b-1536x1026.jpg 1536w\" sizes=\"auto, (max-width: 1920px) 100vw, 1920px\" \/><figcaption class=\"wp-element-caption\">Rodinn\u00fd d\u016fm ing. Arch. Bohuslava Fuchse<\/figcaption><\/figure>\n\n\n\n<figure class=\"wp-block-image size-full\"><img loading=\"lazy\" decoding=\"async\" width=\"416\" height=\"280\" data-id=\"81\" src=\"https:\/\/www.100mc.cz\/wp-content\/uploads\/2025\/02\/MC-obrazek-3.jpeg\" alt=\"\" class=\"wp-image-81\" srcset=\"https:\/\/www.100mc.cz\/wp-content\/uploads\/2025\/02\/MC-obrazek-3.jpeg 416w, https:\/\/www.100mc.cz\/wp-content\/uploads\/2025\/02\/MC-obrazek-3-300x202.jpeg 300w\" sizes=\"auto, (max-width: 416px) 100vw, 416px\" \/><\/figure>\n\n\n\n<figure class=\"wp-block-image size-full\"><img loading=\"lazy\" decoding=\"async\" width=\"416\" height=\"280\" data-id=\"80\" src=\"https:\/\/www.100mc.cz\/wp-content\/uploads\/2025\/02\/MC-obrazek-2.jpeg\" alt=\"\" class=\"wp-image-80\" srcset=\"https:\/\/www.100mc.cz\/wp-content\/uploads\/2025\/02\/MC-obrazek-2.jpeg 416w, https:\/\/www.100mc.cz\/wp-content\/uploads\/2025\/02\/MC-obrazek-2-300x202.jpeg 300w\" sizes=\"auto, (max-width: 416px) 100vw, 416px\" \/><\/figure>\n\n\n\n<figure class=\"wp-block-image size-full is-style-default\"><img loading=\"lazy\" decoding=\"async\" width=\"472\" height=\"280\" data-id=\"79\" src=\"https:\/\/www.100mc.cz\/wp-content\/uploads\/2025\/02\/MC-foto-1.jpeg\" alt=\"\" class=\"wp-image-79\" srcset=\"https:\/\/www.100mc.cz\/wp-content\/uploads\/2025\/02\/MC-foto-1.jpeg 472w, https:\/\/www.100mc.cz\/wp-content\/uploads\/2025\/02\/MC-foto-1-300x178.jpeg 300w\" sizes=\"auto, (max-width: 472px) 100vw, 472px\" \/><\/figure>\n<\/figure>\n\n\n\n<p><\/p>\n\n\n\n<p><\/p>\n","protected":false},"excerpt":{"rendered":"<p>CO TO VLASTN\u011a SLAV\u00cdME Ob\u010das se vyskytuj\u00ed ot\u00e1zky \u010di nep\u0159esnosti t\u00fdkaj\u00edc\u00ed se p\u0159edm\u011btu oslav. Dovol\u00edm si k\u00a0tomuzamy\u0161len\u00ed: 1.) Nejedn\u00e1 se pouze o p\u0159ejmenov\u00e1n\u00ed n\u011bkter\u00e9 \u010d\u00e1sti. To bychom asi neslavili. Jedn\u00e1 seo\u00a0pojmenov\u00e1n\u00ed\u00a0r\u016fzn\u00fdch stavebn\u00edch z\u00e1m\u011br\u016f realizovan\u00fdch r\u016fzn\u00fdmi investory zr\u016fzn\u00fdch sm\u011br\u016f a pod r\u016fzn\u00fdmi n\u00e1zvy (nap\u0159\u00edklad Beamtenheim, \u010cesk\u00e1 \u00fa\u0159ednick\u00e1 \u010dtvr\u0165,N\u011bmeck\u00e1 \u00fa\u0159ednick\u00e1 \u010dtvr\u0165, nebo podle stavebn\u00edch dru\u017estev \u00da\u0159ednick\u00e1 \u010dtvr\u0165, [&hellip;]<\/p>\n","protected":false},"author":1,"featured_media":0,"parent":0,"menu_order":0,"comment_status":"closed","ping_status":"closed","template":"","meta":{"footnotes":""},"class_list":["post-41","page","type-page","status-publish","hentry"],"_links":{"self":[{"href":"https:\/\/www.100mc.cz\/index.php\/wp-json\/wp\/v2\/pages\/41","targetHints":{"allow":["GET"]}}],"collection":[{"href":"https:\/\/www.100mc.cz\/index.php\/wp-json\/wp\/v2\/pages"}],"about":[{"href":"https:\/\/www.100mc.cz\/index.php\/wp-json\/wp\/v2\/types\/page"}],"author":[{"embeddable":true,"href":"https:\/\/www.100mc.cz\/index.php\/wp-json\/wp\/v2\/users\/1"}],"replies":[{"embeddable":true,"href":"https:\/\/www.100mc.cz\/index.php\/wp-json\/wp\/v2\/comments?post=41"}],"version-history":[{"count":15,"href":"https:\/\/www.100mc.cz\/index.php\/wp-json\/wp\/v2\/pages\/41\/revisions"}],"predecessor-version":[{"id":352,"href":"https:\/\/www.100mc.cz\/index.php\/wp-json\/wp\/v2\/pages\/41\/revisions\/352"}],"wp:attachment":[{"href":"https:\/\/www.100mc.cz\/index.php\/wp-json\/wp\/v2\/media?parent=41"}],"curies":[{"name":"wp","href":"https:\/\/api.w.org\/{rel}","templated":true}]}}