{"id":49,"date":"2025-02-16T10:30:39","date_gmt":"2025-02-16T10:30:39","guid":{"rendered":"https:\/\/www.100mc.cz\/?page_id=49"},"modified":"2025-06-01T09:01:17","modified_gmt":"2025-06-01T09:01:17","slug":"galerie","status":"publish","type":"page","link":"https:\/\/www.100mc.cz\/index.php\/galerie\/","title":{"rendered":"Galerie"},"content":{"rendered":"\n<div class=\"wp-block-cover has-custom-content-position is-position-bottom-right\"><img loading=\"lazy\" decoding=\"async\" width=\"1024\" height=\"657\" class=\"wp-block-cover__image-background wp-image-94\" alt=\"\" src=\"https:\/\/www.100mc.cz\/wp-content\/uploads\/2025\/02\/0-1024x657.jpg\" data-object-fit=\"cover\" srcset=\"https:\/\/www.100mc.cz\/wp-content\/uploads\/2025\/02\/0-1024x657.jpg 1024w, https:\/\/www.100mc.cz\/wp-content\/uploads\/2025\/02\/0-300x192.jpg 300w, https:\/\/www.100mc.cz\/wp-content\/uploads\/2025\/02\/0-768x493.jpg 768w, https:\/\/www.100mc.cz\/wp-content\/uploads\/2025\/02\/0-1536x985.jpg 1536w, https:\/\/www.100mc.cz\/wp-content\/uploads\/2025\/02\/0.bmp 1629w\" sizes=\"auto, (max-width: 1024px) 100vw, 1024px\" \/><span aria-hidden=\"true\" class=\"wp-block-cover__background has-background-dim\"><\/span><div class=\"wp-block-cover__inner-container is-layout-flow wp-block-cover-is-layout-flow\">\n<p class=\"has-text-align-center has-large-font-size\"><\/p>\n\n\n\n<figure class=\"wp-block-gallery has-nested-images columns-default is-cropped wp-block-gallery-1 is-layout-flex wp-block-gallery-is-layout-flex\"><\/figure>\n<\/div><\/div>\n\n\n\n<p style=\"padding-right:var(--wp--preset--spacing--20);padding-left:var(--wp--preset--spacing--20)\">Na historick\u00e9 pohlednici (1907) \u017dlut\u00fd kopec a \u010d\u00e1st Krav\u00ed hory je\u0161t\u011b bez z\u00e1stavby <\/p>\n\n\n\n<p style=\"padding-top:0;padding-right:var(--wp--preset--spacing--20);padding-bottom:0;padding-left:var(--wp--preset--spacing--20)\">(vlevo v&nbsp;pozad\u00ed za \u0160pilberkem)<\/p>\n\n\n\n<p style=\"padding-top:var(--wp--preset--spacing--20);padding-bottom:var(--wp--preset--spacing--20)\"><\/p>\n\n\n\n<figure class=\"wp-block-gallery has-nested-images columns-default is-cropped wp-block-gallery-2 is-layout-flex wp-block-gallery-is-layout-flex\">\n<figure class=\"wp-block-image size-large\" style=\"margin-top:0;margin-right:0;margin-bottom:0;margin-left:0\"><img loading=\"lazy\" decoding=\"async\" width=\"1024\" height=\"409\" data-id=\"95\" src=\"https:\/\/www.100mc.cz\/wp-content\/uploads\/2025\/02\/1-1024x409.jpg\" alt=\"\" class=\"wp-image-95\" srcset=\"https:\/\/www.100mc.cz\/wp-content\/uploads\/2025\/02\/1-1024x409.jpg 1024w, https:\/\/www.100mc.cz\/wp-content\/uploads\/2025\/02\/1-300x120.jpg 300w, https:\/\/www.100mc.cz\/wp-content\/uploads\/2025\/02\/1-768x307.jpg 768w, https:\/\/www.100mc.cz\/wp-content\/uploads\/2025\/02\/1.jpg 1280w\" sizes=\"auto, (max-width: 1024px) 100vw, 1024px\" \/><\/figure>\n<\/figure>\n\n\n\n<p style=\"padding-top:0;padding-right:var(--wp--preset--spacing--20);padding-bottom:0;padding-left:var(--wp--preset--spacing--20)\">Prvn\u00ed skupina \u201eN\u011bmeck\u00fdch dom\u016f\u201c (1905) na kterou navazovala pozd\u011bji dal\u0161\u00ed z\u00e1stavba <\/p>\n\n\n\n<p style=\"padding-top:0;padding-right:var(--wp--preset--spacing--20);padding-bottom:0;padding-left:var(--wp--preset--spacing--20)\">(pohled z&nbsp;Krav\u00ed hory)<\/p>\n\n\n\n<p style=\"padding-top:var(--wp--preset--spacing--20);padding-bottom:var(--wp--preset--spacing--20)\"><\/p>\n\n\n\n<figure class=\"wp-block-image size-full is-resized\"><img loading=\"lazy\" decoding=\"async\" width=\"606\" height=\"277\" src=\"https:\/\/www.100mc.cz\/wp-content\/uploads\/2025\/02\/2.jpg\" alt=\"\" class=\"wp-image-96\" style=\"width:950px;height:auto\" srcset=\"https:\/\/www.100mc.cz\/wp-content\/uploads\/2025\/02\/2.jpg 606w, https:\/\/www.100mc.cz\/wp-content\/uploads\/2025\/02\/2-300x137.jpg 300w\" sizes=\"auto, (max-width: 606px) 100vw, 606px\" \/><\/figure>\n\n\n\n<p style=\"padding-right:var(--wp--preset--spacing--20);padding-left:var(--wp--preset--spacing--20)\">Z\u00e1stavba se postupn\u011b roz\u0161i\u0159ovala (1908)<\/p>\n\n\n\n<p style=\"padding-top:var(--wp--preset--spacing--20);padding-bottom:var(--wp--preset--spacing--20)\"><\/p>\n\n\n\n<figure class=\"wp-block-image size-full is-resized\"><img loading=\"lazy\" decoding=\"async\" width=\"602\" height=\"414\" src=\"https:\/\/www.100mc.cz\/wp-content\/uploads\/2025\/02\/3.jpg\" alt=\"\" class=\"wp-image-97\" style=\"width:950px;height:auto\" srcset=\"https:\/\/www.100mc.cz\/wp-content\/uploads\/2025\/02\/3.jpg 602w, https:\/\/www.100mc.cz\/wp-content\/uploads\/2025\/02\/3-300x206.jpg 300w\" sizes=\"auto, (max-width: 602px) 100vw, 602px\" \/><\/figure>\n\n\n\n<p style=\"padding-right:var(--wp--preset--spacing--20);padding-left:var(--wp--preset--spacing--20)\">Pohled do dne\u0161n\u00ed \u00dadoln\u00ed ulice (1912)<\/p>\n\n\n\n<p style=\"padding-top:var(--wp--preset--spacing--20);padding-bottom:var(--wp--preset--spacing--20)\"><\/p>\n\n\n\n<figure class=\"wp-block-image size-full is-resized\"><img loading=\"lazy\" decoding=\"async\" width=\"600\" height=\"412\" src=\"https:\/\/www.100mc.cz\/wp-content\/uploads\/2025\/02\/4.jpg\" alt=\"\" class=\"wp-image-98\" style=\"width:950px;height:auto\" srcset=\"https:\/\/www.100mc.cz\/wp-content\/uploads\/2025\/02\/4.jpg 600w, https:\/\/www.100mc.cz\/wp-content\/uploads\/2025\/02\/4-300x206.jpg 300w\" sizes=\"auto, (max-width: 600px) 100vw, 600px\" \/><\/figure>\n\n\n\n<p style=\"padding-right:var(--wp--preset--spacing--20);padding-left:var(--wp--preset--spacing--20)\">Na t\u00e9to pohlednici z&nbsp;roku 1918 u\u017e je \u201eneleg\u00e1ln\u011b\u201c pou\u017eito n\u00e1zvu Masarykova \u010dtvr\u0165<\/p>\n\n\n\n<p style=\"padding-top:var(--wp--preset--spacing--20);padding-bottom:var(--wp--preset--spacing--20)\"><\/p>\n\n\n\n<figure class=\"wp-block-image size-full is-resized\"><img loading=\"lazy\" decoding=\"async\" width=\"453\" height=\"341\" src=\"https:\/\/www.100mc.cz\/wp-content\/uploads\/2025\/02\/5.jpg\" alt=\"\" class=\"wp-image-99\" style=\"width:950px;height:auto\" srcset=\"https:\/\/www.100mc.cz\/wp-content\/uploads\/2025\/02\/5.jpg 453w, https:\/\/www.100mc.cz\/wp-content\/uploads\/2025\/02\/5-300x226.jpg 300w\" sizes=\"auto, (max-width: 453px) 100vw, 453px\" \/><\/figure>\n\n\n\n<p style=\"padding-right:var(--wp--preset--spacing--20);padding-left:var(--wp--preset--spacing--20)\">Fotografie ze \u0160pilberku (t\u0159ic\u00e1t\u00e1 l\u00e9ta) u\u017e zachycuje Masarykovu \u010dtvr\u0165 v\u010detn\u011b kostela sv. Augustina (1935)<\/p>\n\n\n\n<p style=\"padding-top:var(--wp--preset--spacing--20);padding-bottom:var(--wp--preset--spacing--20)\"><\/p>\n\n\n\n<figure class=\"wp-block-image size-large\"><img loading=\"lazy\" decoding=\"async\" width=\"1024\" height=\"768\" src=\"https:\/\/www.100mc.cz\/wp-content\/uploads\/2025\/02\/6-1024x768.jpg\" alt=\"\" class=\"wp-image-100\" srcset=\"https:\/\/www.100mc.cz\/wp-content\/uploads\/2025\/02\/6-1024x768.jpg 1024w, https:\/\/www.100mc.cz\/wp-content\/uploads\/2025\/02\/6-300x225.jpg 300w, https:\/\/www.100mc.cz\/wp-content\/uploads\/2025\/02\/6-768x576.jpg 768w, https:\/\/www.100mc.cz\/wp-content\/uploads\/2025\/02\/6-1536x1152.jpg 1536w, https:\/\/www.100mc.cz\/wp-content\/uploads\/2025\/02\/6-2048x1536.jpg 2048w\" sizes=\"auto, (max-width: 1024px) 100vw, 1024px\" \/><figcaption class=\"wp-element-caption\">OLYMPUS DIGITAL CAMERA<\/figcaption><\/figure>\n\n\n\n<p style=\"padding-right:var(--wp--preset--spacing--20);padding-left:var(--wp--preset--spacing--20)\">Sou\u010dasn\u00e9 centrum Masarykovy \u010dtvrti z&nbsp;pta\u010d\u00ed perspektivy (2023)<\/p>\n\n\n\n<figure class=\"wp-block-image size-large\" style=\"margin-top:var(--wp--preset--spacing--30);margin-bottom:var(--wp--preset--spacing--30)\"><img loading=\"lazy\" decoding=\"async\" width=\"1024\" height=\"394\" src=\"https:\/\/www.100mc.cz\/wp-content\/uploads\/2025\/04\/IMG-20250419-WA0008-1024x394.jpg\" alt=\"\" class=\"wp-image-165\" srcset=\"https:\/\/www.100mc.cz\/wp-content\/uploads\/2025\/04\/IMG-20250419-WA0008-1024x394.jpg 1024w, https:\/\/www.100mc.cz\/wp-content\/uploads\/2025\/04\/IMG-20250419-WA0008-300x115.jpg 300w, https:\/\/www.100mc.cz\/wp-content\/uploads\/2025\/04\/IMG-20250419-WA0008-768x296.jpg 768w, https:\/\/www.100mc.cz\/wp-content\/uploads\/2025\/04\/IMG-20250419-WA0008-1536x591.jpg 1536w, https:\/\/www.100mc.cz\/wp-content\/uploads\/2025\/04\/IMG-20250419-WA0008.jpg 2048w\" sizes=\"auto, (max-width: 1024px) 100vw, 1024px\" \/><\/figure>\n\n\n\n<p style=\"padding-right:var(--wp--preset--spacing--20);padding-left:var(--wp--preset--spacing--20)\">Na Velikonoce r\u00e1no, po rann\u00edch chv\u00e1l\u00e1ch (2025)<\/p>\n","protected":false},"excerpt":{"rendered":"<p>Na historick\u00e9 pohlednici (1907) \u017dlut\u00fd kopec a \u010d\u00e1st Krav\u00ed hory je\u0161t\u011b bez z\u00e1stavby (vlevo v&nbsp;pozad\u00ed za \u0160pilberkem) Prvn\u00ed skupina \u201eN\u011bmeck\u00fdch dom\u016f\u201c (1905) na kterou navazovala pozd\u011bji dal\u0161\u00ed z\u00e1stavba (pohled z&nbsp;Krav\u00ed hory) Z\u00e1stavba se postupn\u011b roz\u0161i\u0159ovala (1908) Pohled do dne\u0161n\u00ed \u00dadoln\u00ed ulice (1912) Na t\u00e9to pohlednici z&nbsp;roku 1918 u\u017e je \u201eneleg\u00e1ln\u011b\u201c pou\u017eito n\u00e1zvu Masarykova \u010dtvr\u0165 Fotografie [&hellip;]<\/p>\n","protected":false},"author":1,"featured_media":0,"parent":0,"menu_order":0,"comment_status":"closed","ping_status":"closed","template":"","meta":{"footnotes":""},"class_list":["post-49","page","type-page","status-publish","hentry"],"_links":{"self":[{"href":"https:\/\/www.100mc.cz\/index.php\/wp-json\/wp\/v2\/pages\/49","targetHints":{"allow":["GET"]}}],"collection":[{"href":"https:\/\/www.100mc.cz\/index.php\/wp-json\/wp\/v2\/pages"}],"about":[{"href":"https:\/\/www.100mc.cz\/index.php\/wp-json\/wp\/v2\/types\/page"}],"author":[{"embeddable":true,"href":"https:\/\/www.100mc.cz\/index.php\/wp-json\/wp\/v2\/users\/1"}],"replies":[{"embeddable":true,"href":"https:\/\/www.100mc.cz\/index.php\/wp-json\/wp\/v2\/comments?post=49"}],"version-history":[{"count":9,"href":"https:\/\/www.100mc.cz\/index.php\/wp-json\/wp\/v2\/pages\/49\/revisions"}],"predecessor-version":[{"id":252,"href":"https:\/\/www.100mc.cz\/index.php\/wp-json\/wp\/v2\/pages\/49\/revisions\/252"}],"wp:attachment":[{"href":"https:\/\/www.100mc.cz\/index.php\/wp-json\/wp\/v2\/media?parent=49"}],"curies":[{"name":"wp","href":"https:\/\/api.w.org\/{rel}","templated":true}]}}